. Let i be z(a). What is the greatest common divisor of 12 and i?
12
Let c(b) = b**3 - 2*b**2 - 4*b - 4. Let u be c(4). Let o be (-3)/2 + (-26)/(-4). Suppose o*n = 32 + 28. Calculate the highest common factor of n and u.
12
Suppose -3*u - 4*x = 2*u + 11, -3*u + 15 = -3*x. Let m = 2 + u. Suppose 2*j = -8, -2*c - 38 = -3*c + m*j. What is the greatest common factor of c and 13?
13
Suppose 5*g = 5*b + 35, 0 = -3*g - 2*g - 3*b + 19. Let a = g - -8. Suppose -2*u + u + 52 = 0. Calculate the highest common divisor of u and a.
13
Suppose 0 = -3*h + 15*h - 1056. Suppose -h = -11*c + 3*c. What is the greatest common factor of 11 and c?
11
Let j(d) = -7*d**2 + 3*d - d**3 - 4*d + 0*d - 1. Suppose 7 = -4*z + 3*z. Let a be j(z). Calculate the greatest common divisor of a and 3.
3
Let f be (1 - 7) + 392 + -48. What is the greatest common divisor of f and 78?
26
Let l be 440/(-33)*((-3)/2)/1. What is the greatest common divisor of 80 and l?
20
Let u = -128 - -130. What is the highest common divisor of 82 and u?
2
Suppose -6*j - 62 + 35 = -135. Let n = -231 - -401. Let r = -26 + n. Calculate the greatest common factor of r and j.
18
Let q = -223 - -230. What is the greatest common factor of q and 35?
7
Suppose -1 + 33 = 4*j. Calculate the greatest common factor of 256 and j.
8
Suppose 47*q = 35*q + 96. What is the highest common divisor of q and 184?
8
Let d(n) = -n**2 + 7*n. Let t be d(6). Calculate the highest common factor of 15 and t.
3
Suppose 5*i + 597 = 4*t, 0*t - 3*t = -2*i - 439. Calculate the highest common factor of 110 and t.
11
Suppose 0 = 4*k - 2*a + 126 - 1252, 0 = k + 2*a - 274. Calculate the highest common divisor of k and 175.
35
Suppose 4*i = -5*g - i - 5, 2*i = 4*g - 26. Suppose 0 = 6*t - t + g*q - 64, 5*q = 3*t - 31. Calculate the greatest common divisor of t and 96.
12
Suppose 114337 = 93*b + 17896. Calculate the greatest common divisor of b and 61.
61
Let b = 7 + -4. Let i be (-20)/b*54/(-5). Let x = 166 + -157. What is the highest common factor of x and i?
9
Let s = 2359 + -2335. Calculate the greatest common factor of s and 132.
12
Suppose -1212 = -37*b + 305. What is the greatest common divisor of 1189 and b?
41
Suppose -9*w + 139 - 58 = 0. Calculate the highest common divisor of 225 and w.
9
Let z(h) = h**2 - 8*h + 6. Let w be z(5). Let x be (27 - -3)*5/(0 - 5). Let q = w - x. What is the highest common divisor of 3 and q?
3
Let u(x) = -x**2 - 10*x + 22. Let a be u(-11). Let d be a + 1*(-5 + 3). What is the highest common factor of d and 1?
1
Let x = -41 + 61. Let k = x + -32. Let z = k + 29. What is the greatest common divisor of z and 187?
17
Suppose 0 = -4*k + 3*k + 9. Let i(m) = -m**3 + 9*m**2 + 5*m + 4. Let c be i(k). Calculate the highest common divisor of 7 and c.
7
Let m(o) = 27*o - 20. Let t be m(5). Let a be (92/20 + 0)/(4/20). What is the highest common divisor of t and a?
23
Let x = -1067 - -1073. Calculate the greatest common divisor of x and 30.
6
Let f be (-29620)/(-70) - 3 - (-2)/(-14). What is the highest common divisor of 20 and f?
20
Let f(g) = -2*g**2 - 9*g - 9. Let b(p) = -p**2 - 10*p - 8. Let o(v) = 3*b(v) - 2*f(v). Let u be o(14). What is the greatest common factor of u and 22?
22
Let d be 1/3 + (7 - 209216/(-48)). Calculate the highest common factor of d and 74.
74
Let d = 101 - 71. Let j be 91/4 - (d/8)/5. Calculate the greatest common divisor of j and 33.
11
Let o = 7 - 2. Let j be (9/2 - 4)/(6/60). Calculate the highest common factor of j and o.
5
Let c be 4/(-18) + 1670/(-18). Let p = 273 + c. What is the greatest common divisor of p and 36?
36
Let t(v) = 44*v**2 - 2*v - 1. Let j be t(-1). Suppose -5*d - 28 = -2*u - 0*d, -5*u = 2*d - 41. Calculate the highest common divisor of u and j.
9
Let h(v) = 32*v**2 + v - 9. Let l be h(3). What is the highest common divisor of 6 and l?
6
Suppose -51 = -6*s + 57. What is the highest common divisor of 90 and s?
18
Let t be (-2*(-43)/(-4))/((-8)/(-16)). Let k = t + 53. Calculate the greatest common divisor of 50 and k.
10
Let s(k) = -63*k**3 - 2*k + 3. Let n be s(1). Let l be 36/72 + n*9/(-4). What is the greatest common divisor of 14 and l?
14
Let n(t) = 25*t + 241. Let j be n(15). Calculate the greatest common factor of 77 and j.
77
Let x be 83200/1100 - (7/11 - 1). What is the highest common factor of 171 and x?
19
Suppose -12*y = -3*y. Suppose -38*g + 32*g + 96 = y. What is the highest common divisor of 72 and g?
8
Let g be (-1)/8 + (-49286)/(-304). Calculate the greatest common divisor of g and 12.
6
Let f = -4 + 7. Let o(i) = -2*i. Let r be o(5). Let h(s) = -s**3 - 11*s**2 - 13*s - 6. Let t be h(r). What is the greatest common divisor of f and t?
3
Suppose 0 = 28*r - 1733 - 619. What is the highest common factor of r and 96?
12
Suppose -5*x + 1680 = 180. Let z = -27 - -57. What is the greatest common divisor of z and x?
30
Let k = 691 - 674. Suppose 3*a + a = 476. What is the highest common divisor of a and k?
17
Let r be (39/(-26))/(3/(-8)). Let n be 204/18 - r/(-6). Calculate the highest common divisor of 96 and n.
12
Let v be (1 - 0) + 0/4. Suppose g + 6 = 11. Calculate the greatest common factor of v and g.
1
Suppose 3*o = y - 33, -5*y + 5*o + 111 = -14. What is the highest common factor of y and 154?
7
Let f(x) = -x**3 - 16*x**2 - 3*x + 51. Let r be f(-16). What is the greatest common divisor of r and 9?
9
Let j = -36 - -117. What is the greatest common divisor of 3 and j?
3
Suppose 4*z + 3*p - 39 = 0, -3*z - 1 - 6 = -5*p. Suppose -z*s + s - 270 = 0. Let n be (1/1)/((-6)/s). What is the greatest common divisor of n and 36?
9
Suppose 26*b + 83 = a + 22*b, 0 = 2*a + 5*b - 192. Calculate the greatest common divisor of 13 and a.
13
Let p(y) = 6*y + 20. Let h(r) = r**2 - 7*r + 9. Let o be h(4). Let c be p(o). Calculate the greatest common factor of c and 16.
2
Let a(c) = c**2 + 6*c**2 + 33*c**3 - 10*c + 17 - 34*c**3. Let t be a(4). What is the highest common divisor of t and 100?
25
Let s(v) = v**2 - 8*v - 6. Let b be s(11). Let c be b*4/18*3. Let i = c - 5. Calculate the greatest common divisor of 26 and i.
13
Let w(q) = 2*q - 18. Let h be w(21). Suppose 2*o + j + 0*j - h = 0, -5*j = 4*o - 60. What is the greatest common factor of o and 100?
10
Let q be (13/(-4) - -1)/((-222)/2368). Let u = 132 + -72. What is the greatest common divisor of u and q?
12
Suppose 4*y = -y + b - 120, 4*b + 20 = 0. Let c be 453/15 - (-5)/y. What is the greatest common divisor of 6 and c?
6
Let y be (-2)/(-10) - (-119)/5. Suppose -4 = 4*t, h - 7*t - y = -3*t. Suppose 4*x - 5*x + h = 0. Calculate the greatest common divisor of 100 and x.
20
Let g = 26 + -14. Let r(k) = 8*k - 13. Let d be r(5). Suppose -3 = t - d. What is the greatest common factor of t and g?
12
Let s be (-48)/2*(-17 - -9 - 2). What is the highest common factor of 384 and s?
48
Suppose 0*m - 2*m + 242 = 0. Let x = 26 + -15. Calculate the greatest common factor of x and m.
11
Let h(m) = m**3 - 6*m**2 - 6*m - 5. Let k be h(7). Let x be (3*k)/(-4 - 248/(-60)). Let p = -8 + 13. What is the highest common factor of x and p?
5
Let i be (2 - 6)*(-2)/(-8)*-10. Suppose 390 = 3*t - 0*t. Calculate the highest common divisor of t and i.
10
Let s = -972 - -1062. What is the highest common divisor of 210 and s?
30
Let l = -418 + 1193. Calculate the highest common divisor of 25 and l.
25
Let k(o) = 3*o + 37. Let v be k(-7). Calculate the highest common divisor of v and 400.
16
Let i(c) = 9*c + 4. Let n be i(4). Let l be (-3)/((-3)/120*3). Let j = -32 + l. Calculate the highest common divisor of n and j.
8
Let p(x) = 3*x**2 + 6*x + 7. Let a = 19 + -22. Let q be p(a). What is the greatest common factor of 4 and q?
4
Suppose 2*s + s = 2*q - 1, s = 3. Suppose -7 = 3*b - q*f, 0 = -3*b - b + 5*f - 16. Let x be (-66)/b + 6/9. What is the greatest common factor of 1 and x?
1
Suppose 210 = 31*x - 38. Calculate the greatest common divisor of 22 and x.
2
Suppose -357 = 4*t + a - 1503, a = -5*t + 1433. Calculate the greatest common factor of 164 and t.
41
Let t(i) = i**3 + 4*i**2 - 6*i - 1. Let v be t(-5). Let k be v/10 - 174/(-15). Suppose 13*h = k*h + 36. What is the greatest common divisor of h and 9?
9
Suppose 7 = 4*j - 9. Let i(b) = -6 - 7*b - b**2 + 6. Let g be i(-6). What is the greatest common divisor of j and g?
2
Let d = 111 - 76. C